{"id":3325,"date":"2026-08-22T14:53:56","date_gmt":"2026-08-22T12:53:56","guid":{"rendered":"https:\/\/www.essenz.vision\/?post_type=tribe_events&#038;p=3325"},"modified":"2026-09-01T14:56:44","modified_gmt":"2026-09-01T12:56:44","slug":"winterwald-wohlfuehlzeit","status":"publish","type":"tribe_events","link":"https:\/\/www.essenz.vision\/index.php\/event\/winterwald-wohlfuehlzeit\/","title":{"rendered":"Winterwald &#038; Wohlf\u00fchlzeit"},"content":{"rendered":"<p><strong>COMING SOON &#8211; FEBRUAR 2027<\/strong><\/p>\n<p><strong>Zwischen Schnee, Stille und Duft.<\/strong><\/p>\n<p><strong> Waldbaden im Winterwald mit Yoga und \u00e4therischen \u00d6len.<\/strong><\/p>\n<p>Tauche ein in eine Auszeit voller achtsamer Momente. Waldbaden im sanften Winterlicht, wohltuendes Yoga und die Kraft w\u00e4rmender \u00e4therischer \u00d6le.<\/p>\n<p>G\u00f6nn Dir Zeit f\u00fcr K\u00f6rper, Geist und Seele &#8211; mitten in der ruhigen Sch\u00f6nheit des Waldes.<\/p>\n<p>Weitere INFOS zu diesem besonderen Wochenend-Retreat folgen in K\u00fcrze.<\/p>\n","protected":false},"excerpt":{"rendered":"<p>COMING SOON &#8211; FEBRUAR 2027 Zwischen Schnee, Stille und Duft. Waldbaden im Winterwald mit Yoga und \u00e4therischen \u00d6len. Tauche ein in eine Auszeit voller achtsamer Momente. Waldbaden im sanften Winterlicht,<\/p>\n","protected":false},"author":2,"featured_media":0,"template":"","meta":{"_acf_changed":false,"_tribe_events_status":"","_tribe_events_status_reason":"","footnotes":""},"tags":[],"tribe_events_cat":[63],"class_list":["post-3325","tribe_events","type-tribe_events","status-publish","hentry","tribe_events_cat-event","cat_event"],"acf":[],"_links":{"self":[{"href":"https:\/\/www.essenz.vision\/index.php\/wp-json\/wp\/v2\/tribe_events\/3325","targetHints":{"allow":["GET"]}}],"collection":[{"href":"https:\/\/www.essenz.vision\/index.php\/wp-json\/wp\/v2\/tribe_events"}],"about":[{"href":"https:\/\/www.essenz.vision\/index.php\/wp-json\/wp\/v2\/types\/tribe_events"}],"author":[{"embeddable":true,"href":"https:\/\/www.essenz.vision\/index.php\/wp-json\/wp\/v2\/users\/2"}],"version-history":[{"count":1,"href":"https:\/\/www.essenz.vision\/index.php\/wp-json\/wp\/v2\/tribe_events\/3325\/revisions"}],"predecessor-version":[{"id":3326,"href":"https:\/\/www.essenz.vision\/index.php\/wp-json\/wp\/v2\/tribe_events\/3325\/revisions\/3326"}],"wp:attachment":[{"href":"https:\/\/www.essenz.vision\/index.php\/wp-json\/wp\/v2\/media?parent=3325"}],"wp:term":[{"taxonomy":"post_tag","embeddable":true,"href":"https:\/\/www.essenz.vision\/index.php\/wp-json\/wp\/v2\/tags?post=3325"},{"taxonomy":"tribe_events_cat","embeddable":true,"href":"https:\/\/www.essenz.vision\/index.php\/wp-json\/wp\/v2\/tribe_events_cat?post=3325"}],"curies":[{"name":"wp","href":"https:\/\/api.w.org\/{rel}","templated":true}]}}

Winterwald &#038; Wohlfühlzeit

<p><strong>COMING SOON &#8211; FEBRUAR 2027</strong></p>
<p><strong>Zwischen Schnee, Stille und Duft.</strong></p>
<p><strong> Waldbaden im Winterwald mit Yoga und ätherischen Ölen.</strong></p>
<p>Tauche ein in eine Auszeit voller achtsamer Momente. Waldbaden im sanften Winterlicht, wohltuendes Yoga und die Kraft wärmender ätherischer Öle.</p>
<p>Gönn Dir Zeit für Körper, Geist und Seele &#8211; mitten in der ruhigen Schönheit des Waldes.</p>
<p>Weitere INFOS zu diesem besonderen Wochenend-Retreat folgen in Kürze.</p>

<p>COMING SOON &#8211; FEBRUAR 2027 Zwischen Schnee, Stille und Duft. Waldbaden im Winterwald mit Yoga und ätherischen Ölen. Tauche ein in eine Auszeit voller achtsamer Momente. Waldbaden im sanften Winterlicht,</p>
