{"id":2545,"date":"2025-04-08T14:11:19","date_gmt":"2025-04-08T12:11:19","guid":{"rendered":"https:\/\/www.essenz.vision\/?post_type=tribe_events&#038;p=2545"},"modified":"2026-02-07T18:14:35","modified_gmt":"2026-02-07T17:14:35","slug":"duftreise-schutzkraft","status":"publish","type":"tribe_events","link":"https:\/\/www.essenz.vision\/index.php\/event\/duftreise-schutzkraft\/","title":{"rendered":"Duftreise &#8211; Schutzkraft"},"content":{"rendered":"<p class=\"\" data-start=\"0\" data-end=\"62\"><strong data-start=\"0\" data-end=\"62\">Stark durch D\u00fcfte \u2013 Mit Aromen zu innerer Widerstandskraft<\/strong><\/p>\n<p class=\"\" data-start=\"64\" data-end=\"892\">In diesem Workshop erwartet Dich eine gef\u00fchrte Duftreise \u2013 eine besondere Form der Meditation, bei der \u00e4therische \u00d6le gezielt eingesetzt werden, um Deine innere St\u00e4rke zu f\u00f6rdern.<\/p>\n<p class=\"\" data-start=\"64\" data-end=\"892\"><strong>Der Fokus liegt auf dem Thema Schutz und Widerstandskraft:<\/strong><\/p>\n<p class=\"\" data-start=\"64\" data-end=\"892\">Mit Hilfe der D\u00fcfte kannst Du Dich nicht nur tief entspannen, sondern auch neue Energie und Stabilit\u00e4t aufbauen. Die wohlriechenden \u00d6le unterst\u00fctzen Dich dabei, Dich in die Fantasiereise hineinzuversetzen und Deine pers\u00f6nliche Kraftquelle zu entdecken.<\/p>\n<p class=\"\" data-start=\"64\" data-end=\"892\">Vor der Duftreise stelle ich Dir die verwendeten \u00e4therischen \u00d6le und ihre Duftprofile vor. Du erf\u00e4hrst Spannendes \u00fcber ihre Wirkungsweise und wie Du sie im Alltag gezielt einsetzen kannst \u2013 f\u00fcr mehr Balance, Schutz und innere St\u00e4rke.<\/p>\n<p class=\"\" data-start=\"64\" data-end=\"892\">F\u00dcR DEINE WOHLTUENDE AUSZEIT: Bitte bring eine Matte, Decke, ein Kissen und bequeme Kleidung mit!<\/p>\n<p>&#8212;&#8212;&#8212;&#8212;&#8212;&#8212;&#8212;&#8212;&#8212;&#8212;&#8212;&#8212;&#8212;<\/p>\n<p>Du m\u00f6chtest teilnehmen?<br \/>\nMerke Dir das Datum und buche direkt per Mail!<\/p>\n<p>&#8212;&#8212;&#8212;&#8212;&#8212;&#8212;&#8212;&#8212;&#8212;&#8212;&#8212;&#8212;&#8212;<\/p>\n<div class=\"fusion-button-wrapper\"><a class=\"fusion-button button-flat fusion-button-default-size button-custom fusion-button-default button-1 fusion-button-default-span fusion-button-default-type\" style=\"--button_accent_color:var(--awb-color1);--button_accent_hover_color:var(--awb-color1);--button_border_hover_color:var(--awb-color1);--button_gradient_top_color:var(--awb-color4);--button_gradient_bottom_color:var(--awb-color4);--button_gradient_top_color_hover:hsla(var(--awb-color5-h),var(--awb-color5-s),calc(var(--awb-color5-l) + 10%),var(--awb-color5-a));--button_gradient_bottom_color_hover:hsla(var(--awb-color5-h),var(--awb-color5-s),calc(var(--awb-color5-l) + 10%),var(--awb-color5-a));\" target=\"_self\" href=\".\/buchen\"><i class=\"fa-envelope-open-text fas awb-button__icon awb-button__icon--default button-icon-left\" aria-hidden=\"true\"><\/i><span class=\"fusion-button-text awb-button__text awb-button__text--default\">Jetzt per Mail buchen<\/span><\/a><\/div>\n<p data-start=\"64\" data-end=\"892\">\n","protected":false},"excerpt":{"rendered":"<p>Stark durch D\u00fcfte \u2013 Mit Aromen zu innerer Widerstandskraft In diesem Workshop erwartet Dich eine gef\u00fchrte Duftreise \u2013 eine besondere Form der Meditation, bei der \u00e4therische \u00d6le gezielt eingesetzt werden,<\/p>\n","protected":false},"author":2,"featured_media":2928,"template":"","meta":{"_acf_changed":false,"_tribe_events_status":"","_tribe_events_status_reason":"","footnotes":""},"tags":[],"tribe_events_cat":[63],"class_list":["post-2545","tribe_events","type-tribe_events","status-publish","has-post-thumbnail","hentry","tribe_events_cat-event","cat_event"],"acf":[],"_links":{"self":[{"href":"https:\/\/www.essenz.vision\/index.php\/wp-json\/wp\/v2\/tribe_events\/2545","targetHints":{"allow":["GET"]}}],"collection":[{"href":"https:\/\/www.essenz.vision\/index.php\/wp-json\/wp\/v2\/tribe_events"}],"about":[{"href":"https:\/\/www.essenz.vision\/index.php\/wp-json\/wp\/v2\/types\/tribe_events"}],"author":[{"embeddable":true,"href":"https:\/\/www.essenz.vision\/index.php\/wp-json\/wp\/v2\/users\/2"}],"version-history":[{"count":10,"href":"https:\/\/www.essenz.vision\/index.php\/wp-json\/wp\/v2\/tribe_events\/2545\/revisions"}],"predecessor-version":[{"id":2558,"href":"https:\/\/www.essenz.vision\/index.php\/wp-json\/wp\/v2\/tribe_events\/2545\/revisions\/2558"}],"wp:featuredmedia":[{"embeddable":true,"href":"https:\/\/www.essenz.vision\/index.php\/wp-json\/wp\/v2\/media\/2928"}],"wp:attachment":[{"href":"https:\/\/www.essenz.vision\/index.php\/wp-json\/wp\/v2\/media?parent=2545"}],"wp:term":[{"taxonomy":"post_tag","embeddable":true,"href":"https:\/\/www.essenz.vision\/index.php\/wp-json\/wp\/v2\/tags?post=2545"},{"taxonomy":"tribe_events_cat","embeddable":true,"href":"https:\/\/www.essenz.vision\/index.php\/wp-json\/wp\/v2\/tribe_events_cat?post=2545"}],"curies":[{"name":"wp","href":"https:\/\/api.w.org\/{rel}","templated":true}]}}

<p class="" data-start="0" data-end="62"><strong data-start="0" data-end="62">Stark durch Düfte – Mit Aromen zu innerer Widerstandskraft</strong></p>
<p class="" data-start="64" data-end="892">In diesem Workshop erwartet Dich eine geführte Duftreise – eine besondere Form der Meditation, bei der ätherische Öle gezielt eingesetzt werden, um Deine innere Stärke zu fördern.</p>
<p class="" data-start="64" data-end="892"><strong>Der Fokus liegt auf dem Thema Schutz und Widerstandskraft:</strong></p>
<p class="" data-start="64" data-end="892">Mit Hilfe der Düfte kannst Du Dich nicht nur tief entspannen, sondern auch neue Energie und Stabilität aufbauen. Die wohlriechenden Öle unterstützen Dich dabei, Dich in die Fantasiereise hineinzuversetzen und Deine persönliche Kraftquelle zu entdecken.</p>
<p class="" data-start="64" data-end="892">Vor der Duftreise stelle ich Dir die verwendeten ätherischen Öle und ihre Duftprofile vor. Du erfährst Spannendes über ihre Wirkungsweise und wie Du sie im Alltag gezielt einsetzen kannst – für mehr Balance, Schutz und innere Stärke.</p>
<p class="" data-start="64" data-end="892">FÜR DEINE WOHLTUENDE AUSZEIT: Bitte bring eine Matte, Decke, ein Kissen und bequeme Kleidung mit!</p>
<p>&#8212;&#8212;&#8212;&#8212;&#8212;&#8212;&#8212;&#8212;&#8212;&#8212;&#8212;&#8212;&#8212;</p>
<p>Du möchtest teilnehmen?<br />
Merke Dir das Datum und buche direkt per Mail!</p>
<p>&#8212;&#8212;&#8212;&#8212;&#8212;&#8212;&#8212;&#8212;&#8212;&#8212;&#8212;&#8212;&#8212;</p>
<div class="fusion-button-wrapper"><a class="fusion-button button-flat fusion-button-default-size button-custom fusion-button-default button-1 fusion-button-default-span fusion-button-default-type" style="--button_accent_color:var(--awb-color1);--button_accent_hover_color:var(--awb-color1);--button_border_hover_color:var(--awb-color1);--button_gradient_top_color:var(--awb-color4);--button_gradient_bottom_color:var(--awb-color4);--button_gradient_top_color_hover:hsla(var(--awb-color5-h),var(--awb-color5-s),calc(var(--awb-color5-l) + 10%),var(--awb-color5-a));--button_gradient_bottom_color_hover:hsla(var(--awb-color5-h),var(--awb-color5-s),calc(var(--awb-color5-l) + 10%),var(--awb-color5-a));" target="_self" href="./buchen"><i class="fa-envelope-open-text fas awb-button__icon awb-button__icon--default button-icon-left" aria-hidden="true"></i><span class="fusion-button-text awb-button__text awb-button__text--default">Jetzt per Mail buchen</span></a></div>
<p data-start="64" data-end="892">

<p>Stark durch Düfte – Mit Aromen zu innerer Widerstandskraft In diesem Workshop erwartet Dich eine geführte Duftreise – eine besondere Form der Meditation, bei der ätherische Öle gezielt eingesetzt werden,</p>
